the prime factors of 3455.
5, 691
What are the prime factors of 60523?
29, 2087
What are the prime factors of 9969?
3, 3323
What are the prime factors of 41191?
17, 2423
List the prime factors of 8838.
2, 3, 491
What are the prime factors of 934?
2, 467
What are the prime factors of 10829?
7, 13, 17
List the prime factors of 3289.
11, 13, 23
What are the prime factors of 19718?
2, 9859
List the prime factors of 16122.
2, 3, 2687
List the prime factors of 56027.
179, 313
List the prime factors of 6434.
2, 3217
What are the prime factors of 7275?
3, 5, 97
What are the prime factors of 8216?
2, 13, 79
What are the prime factors of 9397?
9397
List the prime factors of 6933.
3, 2311
List the prime factors of 13035.
3, 5, 11, 79
List the prime factors of 848.
2, 53
What are the prime factors of 2816?
2, 11
What are the prime factors of 1278?
2, 3, 71
List the prime factors of 311.
311
What are the prime factors of 39506?
2, 19753
List the prime factors of 841.
29
What are the prime factors of 7429?
17, 19, 23
List the prime factors of 1850.
2, 5, 37
List the prime factors of 952.
2, 7, 17
What are the prime factors of 1734?
2, 3, 17
What are the prime factors of 430?
2, 5, 43
List the prime factors of 15160.
2, 5, 379
What are the prime factors of 80460?
2, 3, 5, 149
What are the prime factors of 207517?
207517
What are the prime factors of 2431?
11, 13, 17
What are the prime factors of 985?
5, 197
List the prime factors of 6462.
2, 3, 359
What are the prime factors of 34?
2, 17
What are the prime factors of 1358?
2, 7, 97
What are the prime factors of 575?
5, 23
What are the prime factors of 20411?
20411
List the prime factors of 2742.
2, 3, 457
What are the prime factors of 10461?
3, 11, 317
What are the prime factors of 7293?
3, 11, 13, 17
List the prime factors of 565.
5, 113
What are the prime factors of 6953?
17, 409
What are the prime factors of 1075?
5, 43
What are the prime factors of 22883?
7, 467
List the prime factors of 38586.
2, 3, 59, 109
List the prime factors of 11735.
5, 2347
List the prime factors of 431.
431
What are the prime factors of 2542?
2, 31, 41
What are the prime factors of 67829?
67829
List the prime factors of 1790.
2, 5, 179
What are the prime factors of 35531?
35531
What are the prime factors of 14254?
2, 7127
What are the prime factors of 3415?
5, 683
List the prime factors of 12741.
3, 31, 137
List the prime factors of 92733.
3, 30911
List the prime factors of 4861.
4861
List the prime factors of 329.
7, 47
List the prime factors of 1011.
3, 337
List the prime factors of 19096.
2, 7, 11, 31
What are the prime factors of 762?
2, 3, 127
List the prime factors of 67105.
5, 13421
What are the prime factors of 112168?
2, 7, 2003
What are the prime factors of 3707?
11, 337
List the prime factors of 38.
2, 19
What are the prime factors of 63320?
2, 5, 1583
List the prime factors of 1074.
2, 3, 179
What are the prime factors of 3459?
3, 1153
List the prime factors of 5025.
3, 5, 67
List the prime factors of 7984.
2, 499
List the prime factors of 71029.
7, 73, 139
List the prime factors of 4207.
7, 601
List the prime factors of 50128.
2, 13, 241
What are the prime factors of 56801?
79, 719
What are the prime factors of 6416?
2, 401
What are the prime factors of 1169?
7, 167
List the prime factors of 2566.
2, 1283
List the prime factors of 11740.
2, 5, 587
What are the prime factors of 57460?
2, 5, 13, 17
What are the prime factors of 6066?
2, 3, 337
List the prime factors of 1810.
2, 5, 181
What are the prime factors of 9808?
2, 613
List the prime factors of 1626.
2, 3, 271
What are the prime factors of 3337?
47, 71
List the prime factors of 10219.
11, 929
List the prime factors of 657.
3, 73
List the prime factors of 119.
7, 17
What are the prime factors of 1308?
2, 3, 109
List the prime factors of 12964.
2, 7, 463
What are the prime factors of 1944?
2, 3
List the prime factors of 6139.
7, 877
List the prime factors of 1659.
3, 7, 79
List the prime factors of 210.
2, 3, 5, 7
List the prime factors of 9370.
2, 5, 937
What are the prime factors of 2135?
5, 7, 61
List the prime factors of 136538.
2, 233, 293
What are the prime factors of 25797?
3, 8599
List the prime factors of 2318.
2, 19, 61
List the prime factors of 21988.
2, 23, 239
What are the prime factors of 55915?
5, 53, 211
List the prime factors of 32999.
32999
What are the prime factors of 4291?
7, 613
What are the prime factors of 4231?
4231
List the prime factors of 36296.
2, 13, 349
List the prime factors of 31.
31
What are the prime factors of 306?
2, 3, 17
What are the prime factors of 3116?
2, 19, 41
What are the prime factors of 2551?
2551
What are the prime factors of 1374?
2, 3, 229
What are the prime factors of 103666?
2, 17, 3049
List the prime factors of 35029.
23, 1523
List the prime factors of 1463.
7, 11, 19
List the prime factors of 3759.
3, 7, 179
What are the prime factors of 11604?
2, 3, 967
What are the prime factors of 41138?
2, 67, 307
List the prime factors of 3567.
3, 29, 41
What are the prime factors of 11338?
2, 5669
List the prime factors of 1319.
1319
List the prime factors of 10194.
2, 3, 1699
What are the prime factors of 8021?
13, 617
What are the prime factors of 688?
2, 43
List the prime factors of 605.
5, 11
What are the prime factors of 57497?
11, 5227
What are the prime factors of 3633?
3, 7, 173
List the prime factors of 265.
5, 53
What are the prime factors of 151380?
2, 3, 5, 29
What are the prime factors of 248?
2, 31
What are the prime factors of 11570?
2, 5, 13, 89
What are the prime factors of 71678?
2, 35839
What are the prime factors of 2341?
2341
What are the prime factors of 11287?
11287
What are the prime factors of 2027?
2027
What are the prime factors of 2319?
3, 773
List the prime factors of 18828.
2, 3, 523
List the prime factors of 630.
2, 3, 5, 7
What are the prime factors of 20066?
2, 79, 127
List the prime factors of 1299.
3, 433
What are the prime factors of 1926?
2, 3, 107
List the prime factors of 236.
2, 59
What are the prime factors of 99155?
5, 7, 2833
List the prime factors of 32740.
2, 5, 1637
What are the prime factors of 5526?
2, 3, 307
List the prime factors of 16599.
3, 11, 503
What are the prime factors of 30693?
3, 13, 787
List the prime factors of 1058.
2, 23
List the prime factors of 185.
5, 37
List the prime factors of 214.
2, 107
What are the prime factors of 31?
31
What are the prime factors of 467?
467
List the prime factors of 30198.
2, 3, 7, 719
List the prime factors of 4955.
5, 991
What are the prime factors of 25345?
5, 37, 137
List the prime factors of 33870.
2, 3, 5, 1129
What are the prime factors of 24702?
2, 3, 23, 179
What are the prime factors of 8891?
17, 523
What are the prime factors of 5532?
2, 3, 461
List the prime factors of 532.
2, 7, 19
List the prime factors of 3151.
23, 137
List the prime factors of 39548.
2, 9887
What are the prime factors of 4567?
4567
List the prime factors of 11108.
2, 2777
List the prime factors of 97.
97
What are the prime factors of 3809?
13, 293
What are the prime factors of 6952?
2, 11, 79
List the prime factors of 6651.
3, 739
What are the prime factors of 5610?
2, 3, 5, 11, 17
What are the prime factors of 13211?
11, 1201
What are the prime factors of 29604?
2, 3, 2467
What are the prime factors of 26?
2, 13
What are the prime factors of 69?
3, 23
List the prime factors of 1842.
2, 3, 307
List the prime factors of 35585.
5, 11, 647
What are the prime factors of 1445?
5, 17
What are the prime factors of 1198?
2, 599
What are the prime factors of 29328?
2, 3, 13, 47
What are the prime factors of 1094?
2, 547
What are the prime factors of 1159?
19, 61
List the prime factors of 43174.
2, 21587
List the prime factors of 8938.
2, 41, 109
List the prime factors of 4812.
2, 3, 401
What are the prime factors of 5793?
3, 1931
What are the prime factors of 40618?
2, 23, 883
List the prime factors of 4101.
3, 1367
What are the prime factors of 48069?
3, 7, 109
What are the prime factors of 5622?
2, 3, 937
List the prime factors of 7513.
11, 683
List the prime factors of 15556.
2, 3889
What are the prime factors of 55683?
3, 23, 269
List the prime factors of 29953.
7, 11, 389
What are the prime factors of 2449?
31, 79
List the prime factors of 1560